{"id":4540,"date":"2025-10-05T22:03:25","date_gmt":"2025-10-05T22:03:25","guid":{"rendered":"https:\/\/cantinedigitale.ch\/?page_id=4540"},"modified":"2025-10-05T22:03:25","modified_gmt":"2025-10-05T22:03:25","slug":"politique-cookies","status":"publish","type":"page","link":"https:\/\/cantinedigitale.ch\/index.php\/politique-cookies\/","title":{"rendered":"Politique Cookies"},"content":{"rendered":"<h1 data-start=\"199\" data-end=\"220\">Politique Cookies<\/h1>\n<p data-start=\"221\" data-end=\"283\"><strong data-start=\"221\" data-end=\"241\">Cantine Digitale<\/strong><br data-start=\"241\" data-end=\"244\" \/>Derni\u00e8re mise \u00e0 jour : 5 octobre 2025<\/p>\n<h2 data-start=\"290\" data-end=\"310\">1. Introduction<\/h2>\n<p data-start=\"311\" data-end=\"499\">Le site <strong data-start=\"319\" data-end=\"345\"><a class=\"decorated-link\" href=\"http:\/\/www.cantinedigitale.ch\" target=\"_new\" rel=\"noopener\" data-start=\"321\" data-end=\"343\">www.cantinedigitale.ch<\/a><\/strong> utilise des cookies et autres traceurs afin d\u2019am\u00e9liorer votre exp\u00e9rience de navigation, d\u2019analyser le trafic et de proposer des contenus personnalis\u00e9s.<\/p>\n<p data-start=\"501\" data-end=\"529\">Cette politique explique :<\/p>\n<ul data-start=\"530\" data-end=\"647\">\n<li data-start=\"530\" data-end=\"563\">\n<p data-start=\"532\" data-end=\"563\">Les types de cookies utilis\u00e9s<\/p>\n<\/li>\n<li data-start=\"564\" data-end=\"601\">\n<p data-start=\"566\" data-end=\"601\">Les finalit\u00e9s de leur utilisation<\/p>\n<\/li>\n<li data-start=\"602\" data-end=\"647\">\n<p data-start=\"604\" data-end=\"647\">La mani\u00e8re de les g\u00e9rer ou de les refuser<\/p>\n<\/li>\n<\/ul>\n<p data-start=\"649\" data-end=\"754\">Cantine Digitale respecte la <strong data-start=\"678\" data-end=\"692\">LPD Suisse<\/strong> et le <strong data-start=\"699\" data-end=\"707\">RGPD<\/strong> pour la protection des donn\u00e9es personnelles.<\/p>\n<h2 data-start=\"761\" data-end=\"793\">2. Qu\u2019est-ce qu\u2019un cookie ?<\/h2>\n<p data-start=\"794\" data-end=\"930\">Un <strong data-start=\"797\" data-end=\"807\">cookie<\/strong> est un petit fichier texte stock\u00e9 sur votre terminal (ordinateur, smartphone, tablette) lorsque vous visitez notre site.<\/p>\n<p data-start=\"932\" data-end=\"948\">Il permet de :<\/p>\n<ul data-start=\"949\" data-end=\"1081\">\n<li data-start=\"949\" data-end=\"995\">\n<p data-start=\"951\" data-end=\"995\">M\u00e9moriser vos pr\u00e9f\u00e9rences et votre session<\/p>\n<\/li>\n<li data-start=\"996\" data-end=\"1034\">\n<p data-start=\"998\" data-end=\"1034\">Suivre et analyser l\u2019usage du site<\/p>\n<\/li>\n<li data-start=\"1035\" data-end=\"1081\">\n<p data-start=\"1037\" data-end=\"1081\">Personnaliser le contenu et les publicit\u00e9s<\/p>\n<\/li>\n<\/ul>\n<h2 data-start=\"1088\" data-end=\"1121\">3. Types de cookies utilis\u00e9s<\/h2>\n<h3 data-start=\"1123\" data-end=\"1164\">3.1 Cookies strictement n\u00e9cessaires<\/h3>\n<p data-start=\"1165\" data-end=\"1256\">Ces cookies sont indispensables au fonctionnement du site et ne peuvent \u00eatre d\u00e9sactiv\u00e9s :<\/p>\n<ul data-start=\"1257\" data-end=\"1346\">\n<li data-start=\"1257\" data-end=\"1294\">\n<p data-start=\"1259\" data-end=\"1294\">Gestion des sessions utilisateurs<\/p>\n<\/li>\n<li data-start=\"1295\" data-end=\"1319\">\n<p data-start=\"1297\" data-end=\"1319\">Navigation s\u00e9curis\u00e9e<\/p>\n<\/li>\n<li data-start=\"1320\" data-end=\"1346\">\n<p data-start=\"1322\" data-end=\"1346\">Formulaires de contact<\/p>\n<\/li>\n<\/ul>\n<h3 data-start=\"1348\" data-end=\"1393\">3.2 Cookies de performance et d\u2019analyse<\/h3>\n<p data-start=\"1394\" data-end=\"1453\">Utilis\u00e9s pour mesurer et analyser le trafic sur le site :<\/p>\n<ul data-start=\"1454\" data-end=\"1547\">\n<li data-start=\"1454\" data-end=\"1477\">\n<p data-start=\"1456\" data-end=\"1477\">Nombre de visiteurs<\/p>\n<\/li>\n<li data-start=\"1478\" data-end=\"1513\">\n<p data-start=\"1480\" data-end=\"1513\">Pages consult\u00e9es et temps pass\u00e9<\/p>\n<\/li>\n<li data-start=\"1514\" data-end=\"1547\">\n<p data-start=\"1516\" data-end=\"1547\">Am\u00e9lioration des performances<\/p>\n<\/li>\n<\/ul>\n<p data-start=\"1549\" data-end=\"1610\">Exemples : Google Analytics (anonymis\u00e9), Matomo (optionnel)<\/p>\n<h3 data-start=\"1612\" data-end=\"1642\">3.3 Cookies fonctionnels<\/h3>\n<p data-start=\"1643\" data-end=\"1739\">Ces cookies permettent de m\u00e9moriser vos choix et pr\u00e9f\u00e9rences pour am\u00e9liorer votre exp\u00e9rience :<\/p>\n<ul data-start=\"1740\" data-end=\"1829\">\n<li data-start=\"1740\" data-end=\"1758\">\n<p data-start=\"1742\" data-end=\"1758\">Langue du site<\/p>\n<\/li>\n<li data-start=\"1759\" data-end=\"1790\">\n<p data-start=\"1761\" data-end=\"1790\">Pr\u00e9f\u00e9rences de mise en page<\/p>\n<\/li>\n<li data-start=\"1791\" data-end=\"1829\">\n<p data-start=\"1793\" data-end=\"1829\">Param\u00e8tres de consentement cookies<\/p>\n<\/li>\n<\/ul>\n<h3 data-start=\"1831\" data-end=\"1876\">3.4 Cookies publicitaires et de ciblage<\/h3>\n<p data-start=\"1877\" data-end=\"1953\">Utilis\u00e9s pour vous proposer des publicit\u00e9s personnalis\u00e9es et pertinentes :<\/p>\n<ul data-start=\"1954\" data-end=\"2063\">\n<li data-start=\"1954\" data-end=\"1989\">\n<p data-start=\"1956\" data-end=\"1989\">Retargeting via r\u00e9seaux sociaux<\/p>\n<\/li>\n<li data-start=\"1990\" data-end=\"2014\">\n<p data-start=\"1992\" data-end=\"2014\">Campagnes Google Ads<\/p>\n<\/li>\n<li data-start=\"2015\" data-end=\"2063\">\n<p data-start=\"2017\" data-end=\"2063\">Analyse des interactions avec les publicit\u00e9s<\/p>\n<\/li>\n<\/ul>\n<p data-start=\"2065\" data-end=\"2137\">Ces cookies sont activ\u00e9s uniquement avec votre consentement explicite.<\/p>\n<h2 data-start=\"2144\" data-end=\"2188\">4. Gestion et d\u00e9sactivation des cookies<\/h2>\n<p data-start=\"2189\" data-end=\"2237\">Vous pouvez g\u00e9rer ou refuser les cookies via :<\/p>\n<ul data-start=\"2238\" data-end=\"2391\">\n<li data-start=\"2238\" data-end=\"2310\">\n<p data-start=\"2240\" data-end=\"2310\">Le <strong data-start=\"2243\" data-end=\"2270\">bandeau de consentement<\/strong> affich\u00e9 lors de votre premi\u00e8re visite<\/p>\n<\/li>\n<li data-start=\"2311\" data-end=\"2391\">\n<p data-start=\"2313\" data-end=\"2391\">Les <strong data-start=\"2317\" data-end=\"2351\">param\u00e8tres de votre navigateur<\/strong> pour bloquer ou supprimer les cookies<\/p>\n<\/li>\n<\/ul>\n<p data-start=\"2393\" data-end=\"2451\"><strong data-start=\"2393\" data-end=\"2449\">Liens utiles pour g\u00e9rer les cookies par navigateur :<\/strong><\/p>\n<ul data-start=\"2452\" data-end=\"2826\">\n<li data-start=\"2452\" data-end=\"2518\">\n<p data-start=\"2454\" data-end=\"2518\"><a class=\"decorated-link cursor-pointer\" target=\"_new\" rel=\"noopener\" data-start=\"2454\" data-end=\"2516\">Chrome<\/a><\/p>\n<\/li>\n<li data-start=\"2519\" data-end=\"2611\">\n<p data-start=\"2521\" data-end=\"2611\"><a class=\"decorated-link cursor-pointer\" target=\"_new\" rel=\"noopener\" data-start=\"2521\" data-end=\"2609\">Firefox<\/a><\/p>\n<\/li>\n<li data-start=\"2612\" data-end=\"2753\">\n<p data-start=\"2614\" data-end=\"2753\"><a class=\"decorated-link cursor-pointer\" target=\"_new\" rel=\"noopener\" data-start=\"2614\" data-end=\"2751\">Edge<\/a><\/p>\n<\/li>\n<li data-start=\"2754\" data-end=\"2826\">\n<p data-start=\"2756\" data-end=\"2826\"><a class=\"decorated-link cursor-pointer\" target=\"_new\" rel=\"noopener\" data-start=\"2756\" data-end=\"2824\">Safari<\/a><\/p>\n<\/li>\n<\/ul>\n<p data-start=\"2828\" data-end=\"2920\">Si vous refusez certains cookies, certaines fonctionnalit\u00e9s du site peuvent \u00eatre limit\u00e9es.<\/p>\n<h2 data-start=\"2927\" data-end=\"2956\">5. Dur\u00e9e de conservation<\/h2>\n<ul data-start=\"2957\" data-end=\"3147\">\n<li data-start=\"2957\" data-end=\"3021\">\n<p data-start=\"2959\" data-end=\"3021\"><strong data-start=\"2959\" data-end=\"2981\">Cookies techniques<\/strong> : dur\u00e9e de session ou jusqu\u2019\u00e0 13 mois<\/p>\n<\/li>\n<li data-start=\"3022\" data-end=\"3079\">\n<p data-start=\"3024\" data-end=\"3079\"><strong data-start=\"3024\" data-end=\"3047\">Cookies analytiques<\/strong> : jusqu\u2019\u00e0 13 mois, anonymis\u00e9s<\/p>\n<\/li>\n<li data-start=\"3080\" data-end=\"3147\">\n<p data-start=\"3082\" data-end=\"3147\"><strong data-start=\"3082\" data-end=\"3107\">Cookies publicitaires<\/strong> : dur\u00e9e variable selon le fournisseur<\/p>\n<\/li>\n<\/ul>\n<h2 data-start=\"3154\" data-end=\"3178\">6. Partage et tiers<\/h2>\n<p data-start=\"3179\" data-end=\"3242\">Certaines cookies sont plac\u00e9s par des <strong data-start=\"3217\" data-end=\"3238\">tiers partenaires<\/strong> :<\/p>\n<ul data-start=\"3243\" data-end=\"3380\">\n<li data-start=\"3243\" data-end=\"3283\">\n<p data-start=\"3245\" data-end=\"3283\">H\u00e9bergeur et prestataires techniques<\/p>\n<\/li>\n<li data-start=\"3284\" data-end=\"3331\">\n<p data-start=\"3286\" data-end=\"3331\">Outils d\u2019analyse (Google Analytics, Matomo)<\/p>\n<\/li>\n<li data-start=\"3332\" data-end=\"3380\">\n<p data-start=\"3334\" data-end=\"3380\">R\u00e9seaux sociaux et plateformes publicitaires<\/p>\n<\/li>\n<\/ul>\n<p data-start=\"3382\" data-end=\"3437\">Cantine Digitale ne vend pas vos donn\u00e9es \u00e0 des tiers.<\/p>\n<h2 data-start=\"3444\" data-end=\"3481\">7. Modifications de la politique<\/h2>\n<p data-start=\"3482\" data-end=\"3645\">Cette politique peut \u00eatre mise \u00e0 jour pour suivre l\u2019\u00e9volution l\u00e9gale ou technique.<br data-start=\"3564\" data-end=\"3567\" \/>La derni\u00e8re version sera toujours disponible sur <strong data-start=\"3616\" data-end=\"3642\"><a class=\"decorated-link\" href=\"http:\/\/www.cantinedigitale.ch\" target=\"_new\" rel=\"noopener\" data-start=\"3618\" data-end=\"3640\">www.cantinedigitale.ch<\/a><\/strong>.<\/p>\n<h2 data-start=\"3652\" data-end=\"3667\">8. Contact<\/h2>\n<p data-start=\"3668\" data-end=\"3825\">Pour toute question sur cette politique cookies :<br data-start=\"3717\" data-end=\"3720\" \/>Email : <strong data-start=\"3728\" data-end=\"3758\"><a class=\"decorated-link cursor-pointer\" rel=\"noopener\" data-start=\"3730\" data-end=\"3756\">privacy@cantinedigitale.ch<\/a><\/strong><br data-start=\"3758\" data-end=\"3761\" \/>Adresse : 36, chemin du Bois-de-Vaux 38, 1007 Lausanne, Suisse<\/p>\n","protected":false},"excerpt":{"rendered":"<p>Politique Cookies Cantine DigitaleDerni\u00e8re mise \u00e0 jour : 5 octobre 2025 1. Introduction Le site www.cantinedigitale.ch utilise des cookies et [&hellip;]<\/p>\n","protected":false},"author":1,"featured_media":0,"parent":0,"menu_order":0,"comment_status":"closed","ping_status":"closed","template":"","meta":{"footnotes":""},"class_list":["post-4540","page","type-page","status-publish","hentry","no-post-thumbnail"],"_links":{"self":[{"href":"https:\/\/cantinedigitale.ch\/index.php\/wp-json\/wp\/v2\/pages\/4540","targetHints":{"allow":["GET"]}}],"collection":[{"href":"https:\/\/cantinedigitale.ch\/index.php\/wp-json\/wp\/v2\/pages"}],"about":[{"href":"https:\/\/cantinedigitale.ch\/index.php\/wp-json\/wp\/v2\/types\/page"}],"author":[{"embeddable":true,"href":"https:\/\/cantinedigitale.ch\/index.php\/wp-json\/wp\/v2\/users\/1"}],"replies":[{"embeddable":true,"href":"https:\/\/cantinedigitale.ch\/index.php\/wp-json\/wp\/v2\/comments?post=4540"}],"version-history":[{"count":0,"href":"https:\/\/cantinedigitale.ch\/index.php\/wp-json\/wp\/v2\/pages\/4540\/revisions"}],"wp:attachment":[{"href":"https:\/\/cantinedigitale.ch\/index.php\/wp-json\/wp\/v2\/media?parent=4540"}],"curies":[{"name":"wp","href":"https:\/\/api.w.org\/{rel}","templated":true}]}}